0) to base 12
-51
-32 (base 14) to base 16
-2c
What is -16 (base 8) in base 11?
-13
29 (base 10) to base 4
131
What is -2 (base 8) in base 4?
-2
Convert -43 (base 5) to base 7.
-32
Convert 4 (base 15) to base 14.
4
What is 30 (base 6) in base 2?
10010
Convert -33 (base 16) to base 12.
-43
What is 2 (base 4) in base 12?
2
-11 (base 3) to base 12
-4
What is -2 (base 4) in base 2?
-10
What is 11120 (base 3) in base 7?
234
Convert 4a (base 15) to base 11.
64
Convert 1 (base 6) to base 2.
1
Convert 12 (base 13) to base 16.
f
What is -a (base 14) in base 12?
-a
What is -11221 (base 3) in base 14?
-97
Convert 6b (base 12) to base 3.
10002
Convert 2 (base 10) to base 2.
10
-336 (base 7) to base 3
-20110
What is -11 (base 14) in base 11?
-14
22a (base 11) to base 6
1134
Convert -1a1 (base 11) to base 3.
-22121
What is 1232 (base 4) in base 9?
132
4 (base 5) to base 2
100
Convert -a6 (base 15) to base 2.
-10011100
-412 (base 5) to base 7
-212
What is 4 (base 10) in base 2?
100
What is c (base 13) in base 5?
22
Convert a1 (base 14) to base 11.
119
-16a (base 11) to base 3
-21022
What is 54 (base 9) in base 6?
121
-15 (base 15) to base 12
-18
Convert -1102 (base 4) to base 12.
-6a
-314 (base 7) to base 14
-b4
What is -5 (base 10) in base 6?
-5
-11 (base 11) to base 14
-c
Convert -2 (base 5) to base 12.
-2
What is 14 (base 10) in base 6?
22
What is -12 (base 8) in base 16?
-a
-1 (base 14) to base 15
-1
What is -10 (base 2) in base 13?
-2
Convert 3 (base 5) to base 3.
10
Convert -5 (base 14) to base 11.
-5
-15 (base 12) to base 3
-122
What is 345 (base 10) in base 16?
159
What is 10100011 (base 2) in base 4?
2203
What is -19 (base 10) in base 6?
-31
-64 (base 15) to base 8
-136
What is -48 (base 13) in base 7?
-114
Convert 3 (base 7) to base 6.
3
What is 10001 (base 3) in base 7?
145
8 (base 10) to base 14
8
Convert -2a6 (base 11) to base 6.
-1354
-52 (base 7) to base 10
-37
What is 7c (base 16) in base 10?
124
Convert 110 (base 7) to base 9.
62
What is -6 (base 8) in base 15?
-6
Convert -7 (base 10) to base 2.
-111
Convert -7 (base 14) to base 5.
-12
327 (base 8) to base 7
425
35 (base 6) to base 16
17
Convert -18 (base 9) to base 14.
-13
-42 (base 10) to base 8
-52
What is 6 (base 16) in base 13?
6
Convert -41 (base 7) to base 2.
-11101
What is -1111 (base 2) in base 10?
-15
-71 (base 14) to base 9
-120
What is 2010 (base 3) in base 8?
71
What is 1 (base 6) in base 12?
1
What is -88 (base 11) in base 5?
-341
What is 11 (base 2) in base 16?
3
What is -107 (base 10) in base 5?
-412
What is 0 (base 7) in base 13?
0
Convert 5 (base 6) to base 9.
5
What is -1 (base 12) in base 3?
-1
Convert -3 (base 7) to base 6.
-3
Convert 632 (base 7) to base 8.
475
41 (base 9) to base 10
37
-14 (base 13) to base 7
-23
111100 (base 2) to base 11
55
5 (base 10) to base 3
12
Convert -3 (base 16) to base 7.
-3
Convert 101 (base 5) to base 6.
42
Convert -3 (base 4) to base 3.
-10
What is -10 (base 8) in base 6?
-12
Convert -122 (base 4) to base 5.
-101
Convert -110 (base 2) to base 5.
-11
What is 0 (base 10) in base 12?
0
Convert 10b (base 13) to base 5.
1210
What is 5c (base 16) in base 8?
134
What is -1 (base 4) in base 2?
-1
-15 (base 8) to base 12
-11
What is -231 (base 6) in base 4?
-1123
4 (base 13) to base 11
4
Convert -5 (base 14) to base 15.
-5
-120 (base 6) to base 12
-40
What is -3 (base 6) in base 11?
-3
-4 (base 9) to base 11
-4
10 (base 4) to base 16
4
-5 (base 9) to base 10
-5
Convert -14 (base 8) to base 2.
-1100
-8 (base 16) to base 3
-22
Convert 162 (base 11) to base 15.
c9
Convert 2 (base 8) to base 11.
2
What is -16 (base 10) in base 3?
-121
-d3 (base 14) to base 15
-c5
What is 6 (base 10) in base 4?
12
Convert 1100 (base 2) to base 6.
20
5c (base 14) to base 10
82
What is -27 (base 12) in base 7?
-43
What is -6 (base 15) in base 6?
-10
-6 (base 7) to base 15
-6
Convert 32 (base 8) to base 6.
42
What is -220 (base 3) in base 16?
-18
1 (base 13) to base 4
1
Convert 10 (base 16) to base 4.
100
Convert -1001001 (base 2) to base 14.
-53
Convert -1 (base 4) to base 3.
-1
What is -5 (base 12) in base 15?
-5
-a (base 15) to base 5
-20
75 (base 12) to base 16
59
Convert -11b (base 14) to base 3.
-22012
What is -52 (base 9) in base 10?
-47
Convert -33 (base 4) to base 10.
-15
-cb (base 14) to base 12
-12b
What is 523 (base 7) in base 10?
262
1 (base 5) to base 13
1
Convert -11 (base 12) to base 8.
-15
What is 6 (base 16) in base 6?
10
What is -143 (base 11) in base 16?
-a8
Convert -21 (base 6) to base 2.
-1101
Convert b (base 14) to base 6.
15
107 (base 16) to base 4
10013
What is -122 (base 12) in base 13?
-101
What is -15 (base 15) in base 3?
-202
What is -223 (base 12) in base 11?
-267
What is 23 (base 5) in base 10?
13
111011 (base 2) to base 11
54
What is 4 (base 14) in base 2?
100
13 (base 4) to base 9
7
-151 (base 8) to base 15
-70
314 (base 8) to base 4
3030
What is 10020 (base 3) in base 14?
63
Convert 34 (base 7) to base 12.
21
What is 0 (base 12) in base 13?
0
What is -2 (base 14) in base 16?
-2
-111 (base 2) to base 12
-7
Convert -a (base 13) to base 14.
-a
Convert -1132 (base 4) to base 6.
-234
Convert 4 (base 11) to base 10.
4
Convert 0 (base 9) to base 12.
0
Convert -2 (base 5) to base 2.
-10
-1 (base 3) to base 15
-1
What is -100110 (base 2) in base 7?
-53
What is 137 (base 8) in base 14?
6b
What is -61 (base 13) in base 7?
-142
What is -17 (base 16) in base 3?
-212
Convert -140 (base 6) to base 15.
-40
What is -10 (base 10) in base 9?
-11
Convert -24 (base 10) to base 11.
-22
-a (base 15) to base 10
-10
12 (base 7) to base 10
9
What is -90 (base 10) in base 4?
-1122
Convert -13 (base 15) to base 3.
-200
What is -11011 (base 2) in base 6?
-43
-44 (base 11) to base 6
-120
Convert 2 (base 6) to base 4.
2
What is 2a (base 11) in base 2?
100000
-3 (base 10) to base 11
-3
2 (base 13) to base 6
2
Convert a (base 12) to base 10.
10
What is -2 (base 14) in base 16?
-2
Convert -2110 (base 4) to base 8.
-224
121 (base 4) to base 7
34
-2 (base 3) to base 12
-2
What is 0 (base 11) in base 12?
0
11110 (base 3) to base 10
120
Convert 90 (base 11) to base 10.
99
What is 230 (base 8) in base 7?
305
What is 52 (base 7) in base 15?
27
Convert -102 (base 5) to base 2.
-11011
Convert 64 (base 8) to base 10.
52
Convert 13 (base 13) to base 15.
11
Convert 2 (base 5) to base 8.
2
What is -100 (base 3) in base 4?
-21
10 (base 6) to base 15
6
Convert 72 (base 8) to base 16.
3a
What is 106 (base 12) in base 6?
410
What is -6 (base 11) in base 12?
-6
Convert -34 (base 10) to base 14.
-26
What is -17 (base 10) in base 7?
-23
What is 57 (base 14) in base 3?
2212
Convert 1421 (base 5) to base 14.
12c
What is 21122 (base 3) in base 10?
206
Convert 3 (base 14) to base 5.
3
What is -11111001 (base 2) in base 5?
-1444
1c (base 13) to base 15
1a
What is 0 (base 14) in base 10?
0
What is -4a (base 13) in base 3?
-2022
What is -85 (base 9) in base 14?
-57
Convert -2 (base 8) to base 11.
-2
Convert 11 (base 2) to base 6.
3
What is -1101 (base 2) in base 10?
-13
Convert -100 (base 2) to base 9.
-4
What is -7 (base 15) in base 8?
-7
-33 (base 12) to base 11
-36
What is 101 (base 7) in base 12?
42
What is 100 (base 2) in base 5?
4
Convert -20 (base 3) to base 10.
-6
What is -3c (base 15) in base 5?
-212
-12 (base 7) to base 16
-9
-9 (base 10) to base 13
-9
What is -32 (base 7) in base 13?
-1a
What is 25 (base 14) in base 6?
53
What is -21212 (base 3) in base 4?
-3110
What is e (base 16) in base 3?
112
What is 0 (base 9) in base 10?
0
What is 11 (base 9) in base 2?
1010
What is -100 (base 2) in base 13?
-4
35 (base 6) to base 3
212
0 (base 13) to base 15
0
Convert -2 (base 3) to base 8.
-2
Convert 433 (base 6) to base 14.
bb
What is 130 (base 9) in base 10?
108
What is -4 (base 13) in base 10?
-4
-63 (base 10) to base 14
-47
-3d (base 14) to base 11
-50
Convert 46 (base 8) to base 6.
102
What is -15 (base 9) in base 12?
-12
Convert 13 (base 5) to base 12.
8
Convert -11110101 (base 2) to base 16.
-f5
What is -1 (base 11) in base 4?
-1
What is -3 (base 10) in base 6?
-3
Convert 0 (base 5) to base 8.
0
25 (base 7) to base 9
21
-14 (base 13) to base 5
-32
What is 10 (base 3) in base 14?
3
Convert 11 (base 2) to base 14.
3
Convert -1 (base 5) to base 11.
-1
-2120 (base 3) to base 8
-105
What i